atest common factor of 20 and v.
5
Let a(q) = -3*q**3 - 2*q - 1. Let z be a(-1). Suppose z*r = r + 3*v + 117, -v - 111 = -3*r. Let p = r - 20. Calculate the greatest common factor of 176 and p.
16
Let s be 16/(-3) - 6/(-18). Let z be 8/(-10) + (-29)/s. What is the highest common divisor of 15 and z?
5
Suppose -73 + 19 = -m. Calculate the greatest common factor of 36 and m.
18
Let g be (-1)/2 - 27/(-6). Let s be 27/15 + (-3)/(-15). Suppose s*h + 48 = 6*h. Calculate the greatest common factor of g and h.
4
Let x(h) = -2*h + 1 + 3*h - 8*h. Let d be x(7). Let j be 2 + 7/(-2)*d. Calculate the greatest common factor of 17 and j.
17
Suppose 4*h = 2*h + 20. Calculate the greatest common factor of h and 40.
10
Let a = -24 + 42. Let c(d) = 24*d**2 - 6*d. Let u be c(4). Suppose 3*j = -j + u. Calculate the greatest common factor of j and a.
18
Suppose 1 + 4 = j. Suppose j*c + 3*u = 70, 3*u + 1 = -2*c + 38. Suppose 9*h - 110 = 7*h. Calculate the highest common divisor of c and h.
11
Let n be 2 + -422 - 1/1. Let z(r) = 16*r + 11. Let s be z(-16). Let w = s - n. What is the greatest common factor of w and 16?
16
Let c = -8 + 6. Let f be ((-66)/(-18))/(c/(-96)). Let h be (-16)/(1 + -2 - 0). What is the highest common divisor of f and h?
16
Let z be (-1 - 1) + 5 + -3. Suppose 0 = -u, z = 5*h - u + 3*u - 15. Suppose -36 = -0*n - h*n. What is the greatest common divisor of n and 12?
12
Suppose q + 20 = 4*q - 4*u, 0 = q + u - 9. What is the highest common factor of q and 88?
8
Suppose 6 = 8*a - 7*a. Calculate the greatest common divisor of 48 and a.
6
Let v be (10*-1)/(1/(-2)). What is the greatest common divisor of v and 80?
20
Let h = 11 + -2. What is the greatest common factor of h and 45?
9
Let j(l) = 9*l + 30. Let q be j(5). Calculate the greatest common factor of 30 and q.
15
Let n(t) = -t**2 + 1. Let m(k) = 3*k**2 - k + 2. Let f(a) = m(a) - 6*n(a). Let o = 7 - 10. Let y be f(o). Calculate the greatest common factor of y and 10.
10
Let g be 1 + -2 + 43 + -2. What is the highest common factor of g and 10?
10
Let w = 38 - 6. Let p(f) = -f**3 - 6*f**2 - 5*f + 5. Let j be p(-5). Suppose -v + 5 = j*r - 9, -5*v - 5*r = -30. Calculate the highest common factor of v and w.
4
Let a(f) = -f + 8. Let i be a(6). Let o = i - -6. Let u(g) = g. Let m be u(o). What is the greatest common factor of 2 and m?
2
Let k = 16 + 8. Suppose 0 = -2*o - 28 + 148. What is the highest common factor of k and o?
12
Let p = 7 + 2. Suppose -p = -3*j, 4*j = 3*k - 0*k. What is the highest common divisor of k and 32?
4
Suppose 3*z + 2*z - 27 = -2*m, 0 = 4*z - 4. What is the highest common factor of m and 77?
11
Let g be 3/(-9) + (-100)/(-12). Let n(s) = 4*s**2 + s - 4. Let f be n(-4). What is the greatest common factor of g and f?
8
Suppose -h + 3 = -2. Suppose -39 = -h*d + 111. Calculate the highest common factor of 10 and d.
10
Let i(s) = 44*s. Let v(a) = -a**2 + 7*a + 4. Let m be v(7). Let u = 5 - m. Let j be i(u). Calculate the highest common divisor of j and 4.
4
Suppose 0 = -l + 5 + 7. Let f = 42 - -90. What is the greatest common factor of f and l?
12
Let p(x) = x**3 + 5*x**2 + 3*x - 2. Let o be p(-3). What is the highest common factor of 49 and o?
7
Let x = -320 - -488. What is the highest common divisor of x and 12?
12
Let x = 0 - -3. Suppose -3*i + 2*i - 4*t + 13 = 0, x*i + 5*t - 39 = 0. Calculate the highest common divisor of i and 143.
13
Suppose 8 + 4 = 4*y. Let n(f) = -3*f + 10. Let l be n(8). Let s = l + 29. What is the highest common divisor of y and s?
3
Let l be (-2)/(-13) + 4/(-78)*-387. Calculate the highest common factor of 8 and l.
4
Let z(c) = c**3 + 7*c**2 + 6*c + 10. Let i be z(-5). Calculate the highest common divisor of 12 and i.
6
Let t(c) = 2*c**2 - 3*c + 2. Let a be t(3). Calculate the greatest common factor of 44 and a.
11
Suppose 5*w = 95 + 65. Let t = w - 16. Calculate the highest common divisor of 64 and t.
16
Let a be 1/1 + 9 + -2. Calculate the greatest common divisor of a and 12.
4
Suppose -g + 18 = -1. Let s(x) = -x**3 - 3*x**2 + 3. Suppose f - 4*a + 3 = -13, 2*f + 17 = 3*a. Let v be s(f). What is the highest common factor of g and v?
19
Let z(c) = 2*c + 1. Let n be z(7). Let q be 170/n + (-2)/6. What is the greatest common factor of 55 and q?
11
Suppose g - 240 = -g. What is the highest common divisor of g and 12?
12
Let h = 7 + -5. Suppose q = -h*v + 11 + 11, 0 = 5*v + 5*q - 60. Calculate the greatest common divisor of 4 and v.
2
Suppose 2*k + 26 = 4*k. Let z be (-16)/72 + (-2110)/(-18). Calculate the greatest common divisor of z and k.
13
Let g be 30/(-3 + (-9)/(-2)). Suppose 11*y - g = 6*y. Let m = 6 - y. Calculate the highest common factor of m and 22.
2
Suppose 8*w + 188 = 908. What is the highest common factor of w and 10?
10
Suppose 3*i + 37 = -257. Let t = 170 + i. Calculate the highest common divisor of t and 8.
8
Let h(r) = -r**2 - 4*r + 13. Let v be h(-5). Calculate the greatest common divisor of 88 and v.
8
Suppose 4 = -2*q, 5*q - 4 + 44 = -3*w. Let u = -7 - w. Calculate the highest common factor of u and 6.
3
Suppose b + 3 = 9. Let a = -267 + 297. What is the highest common factor of a and b?
6
Suppose -q + 0 = -3. Suppose q*w + w - 16 = 0. Suppose -6 = w*v - 38. Calculate the highest common divisor of 2 and v.
2
Suppose -4 = -5*n + 4*k - 48, -3*k - 21 = 3*n. Let y = 11 + n. What is the greatest common divisor of 18 and y?
3
Suppose 5*l - 5*w - 13 + 3 = 0, 37 = -4*l - 5*w. Let b be (-1)/((-4)/40) - l. Calculate the highest common divisor of b and 91.
13
Suppose 5*g - 48 = 3*u - 13, 0 = g + 2*u + 6. What is the highest common divisor of g and 2?
2
Suppose -r + 140 = r. Suppose -2*t = -2*h - 30, -3*h + r = 3*t - h. Calculate the highest common factor of t and 40.
20
Let d(b) = b**3 - 8*b**2 + 11*b - 12. Let y = -12 - -20. Let p be d(y). What is the greatest common divisor of p and 19?
19
Suppose -x + 3*x - 84 = -2*i, 0 = -i + 2*x + 51. Calculate the highest common divisor of i and 30.
15
Let w(v) = -v**3 + 4*v**2 + 2. Let y be w(2). Let b = 14 - y. Suppose -b*x = -2*n - 64, 0 = n + 4*n - 10. Calculate the highest common divisor of 153 and x.
17
Suppose -5*g - 83 = -i + 101, 0 = -4*g + 4*i - 160. Let p(y) = -8*y - 6. Let b be p(2). Let q = b - g. Calculate the greatest common factor of q and 7.
7
Let l(s) be the third derivative of -s**6/120 - s**5/12 - s**4/4 - s**3/6 + 4*s**2. Let z be l(-4). What is the highest common factor of 7 and z?
7
Let a be (-3)/(-9) - 148/12. Let i be (68/a)/(1/(-3)). Calculate the highest common factor of i and 119.
17
Let t be (-8 - 1*-1) + 1. Let h(y) = y**3 + 4*y**2 - 5*y + 2. Let d be h(-5). Let o be d/t - (-14)/6. What is the greatest common divisor of 22 and o?
2
Suppose 2*h + 1 = 7. Let m(c) = c**2. Let p be m(h). Calculate the highest common divisor of p and 9.
9
Let k = -60 - -123. Calculate the greatest common factor of 21 and k.
21
Let v = 11 + -42. Let r = -19 - v. What is the greatest common factor of 6 and r?
6
Let g = 3 - 7. Let k = -1 - g. What is the greatest common factor of k and 33?
3
Let p(w) = -13*w + 2. Let t be p(1). Let q = t + 23. Calculate the highest common divisor of q and 4.
4
Let n be ((-16)/5)/(5/(-200)). Suppose 0 = 3*t - 1 - 8. Suppose -t*a - a = -n. What is the greatest common divisor of 8 and a?
8
Let d(h) = h**2 + 7*h - 16. Let z be d(-9). What is the greatest common divisor of z and 22?
2
Suppose -6*u = -95 - 103. What is the highest common divisor of u and 11?
11
Suppose a = 4*u + 6*a - 1120, -4*a - 1084 = -4*u. Calculate the greatest common factor of u and 25.
25
Let l(g) = g + 48. Let k be l(0). Calculate the greatest common divisor of k and 16.
16
Let y be (-7)/14 + (-51)/(-2). Calculate the highest common divisor of 175 and y.
25
Let j(h) = -h + 20. Let l be j(15). Suppose -7*k + 18 = -l*k. What is the highest common divisor of k and 9?
9
Suppose -5*g - 4 = -9*g. What is the highest common divisor of 7 and g?
1
Suppose -366 = -6*m + 3*m. Suppose -4*i = -218 - m. What is the greatest common factor of 34 and i?
17
Suppose 3*r + 122 = j, 248 = -0*j + 2*j - 2*r. Calculate the highest common factor of 50 and j.
25
Let g = 30 + -25. Calculate the highest common divisor of 1 and g.
1
Suppose -42 + 21 = -3*y + 3*l, -y - 1 = 3*l. Let q(j) = j**3 + 8*j**2 + 3*j - 5. Let d be q(-